{"id":260,"date":"2026-05-08T08:47:30","date_gmt":"2026-05-08T08:47:30","guid":{"rendered":"https:\/\/digitalbloke.com\/?page_id=260"},"modified":"2026-05-08T08:48:37","modified_gmt":"2026-05-08T08:48:37","slug":"ty-cz-17","status":"publish","type":"page","link":"https:\/\/digitalbloke.com\/index.php\/ty-cz-17\/","title":{"rendered":"TY-CZ-17"},"content":{"rendered":"\t\t<div data-elementor-type=\"wp-page\" data-elementor-id=\"260\" class=\"elementor elementor-260\" data-elementor-post-type=\"page\">\n\t\t\t\t<div class=\"elementor-element elementor-element-71f9cc8 e-flex e-con-boxed e-con e-parent\" data-id=\"71f9cc8\" data-element_type=\"container\" data-e-type=\"container\">\n\t\t\t\t\t<div class=\"e-con-inner\">\n\t\t\t\t<div class=\"elementor-element elementor-element-85916c6 elementor-widget elementor-widget-html\" data-id=\"85916c6\" data-element_type=\"widget\" data-e-type=\"widget\" data-widget_type=\"html.default\">\n\t\t\t\t\t<!-- Event snippet for Purchase conversion page -->\n<script>\n  gtag('event', 'conversion', {\n      'send_to': 'AW-18076414855\/C194CJv3rqccEIfnwKtD',\n      'value': 17.0,\n      'currency': 'USD',\n      'transaction_id': ''\n      \/\/ 'new_customer': true \/* calculate dynamically, populate with true\/false *\/,\n  });\n<\/script>\n\t\t\t\t<\/div>\n\t\t\t\t<div class=\"elementor-element elementor-element-ca15d0a elementor-widget elementor-widget-html\" data-id=\"ca15d0a\" data-element_type=\"widget\" data-e-type=\"widget\" data-widget_type=\"html.default\">\n\t\t\t\t\t<!DOCTYPE html>\n<html lang=\"cs\">\n<head>\n  <meta charset=\"UTF-8\">\n  <meta name=\"viewport\" content=\"width=device-width, initial-scale=1\">\n  <title>D\u011bkujeme za va\u0161i objedn\u00e1vku!<\/title>\n  <style>\n    body{font-family:'Arial',sans-serif;background:#f8f8f8;margin:0;padding:0}\n    .thank-you-container{max-width:600px;margin:40px auto;background:#fff;border-radius:10px;padding:30px;box-shadow:0 0 15px rgba(0,0,0,.1);text-align:center}\n    .thank-you-container h2{color:#2c3e50;font-size:26px;margin-bottom:20px}\n    .highlight{background:#fff3cd;color:#856404;padding:15px;border-radius:8px;font-size:16px;margin-bottom:20px;line-height:1.5}\n    .highlight .warning{font-weight:bold;color:#d9534f}\n    .thank-you-container img{width:100%;max-width:400px;margin:20px auto;border-radius:10px}\n    .thank-you-container p{font-size:16px;color:#333;line-height:1.6}\n    .thank-you-container strong{color:#d9534f}\n  <\/style>\n<\/head>\n<body>\n  <div class=\"thank-you-container\">\n    <h2>D\u011aKUJEME ZA VA\u0160I OBJEDN\u00c1VKU!<\/h2>\n    <div class=\"highlight\">\n      <span class=\"warning\">Upozorn\u011bn\u00ed:<\/span> Obdr\u017e\u00edte zpr\u00e1vu na <strong>WhatsApp<\/strong> a p\u0159\u00edpadn\u011b i telefon\u00e1t pro potvrzen\u00ed va\u0161\u00ed objedn\u00e1vky.<br>\n      <strong>Pokud objedn\u00e1vku nepotvrd\u00edte, zbo\u017e\u00ed NEBUDE odesl\u00e1no. Rozum\u00edte?<\/strong><br>\n      D\u011bkujeme za pochopen\u00ed!\n    <\/div>\n    <img decoding=\"async\" src=\"https:\/\/digitalbloke.com\/wp-content\/uploads\/2026\/05\/TYu.webp\" alt=\"Z\u00e1kaznick\u00fd servis\">\n    <p>B\u011bhem n\u011bkolika minut obdr\u017e\u00edte zpr\u00e1vu na <strong>WHATSAPP<\/strong> s instrukcemi, n\u00e1sledovanou p\u0159\u00edpadn\u00fdm telefon\u00e1tem pro potvrzen\u00ed zadan\u00fdch \u00fadaj\u016f.<\/p>\n    <p><strong>Odpov\u011bzte ve WhatsApp chatu pro potvrzen\u00ed objedn\u00e1vky.<\/strong><\/p>\n    <p>\u2764\ufe0f D\u011bkujeme za va\u0161i d\u016fv\u011bru!<\/p>\n  <\/div>\n<\/body>\n<\/html>\t\t\t\t<\/div>\n\t\t\t\t\t<\/div>\n\t\t\t\t<\/div>\n\t\t\t\t<\/div>\n\t\t","protected":false},"excerpt":{"rendered":"<p>D\u011bkujeme za va\u0161i objedn\u00e1vku! D\u011aKUJEME ZA VA\u0160I OBJEDN\u00c1VKU! Upozorn\u011bn\u00ed: Obdr\u017e\u00edte zpr\u00e1vu na WhatsApp a p\u0159\u00edpadn\u011b i telefon\u00e1t pro potvrzen\u00ed va\u0161\u00ed objedn\u00e1vky. Pokud objedn\u00e1vku nepotvrd\u00edte, zbo\u017e\u00ed NEBUDE odesl\u00e1no. Rozum\u00edte? D\u011bkujeme za pochopen\u00ed! B\u011bhem n\u011bkolika minut obdr\u017e\u00edte zpr\u00e1vu na WHATSAPP s instrukcemi, n\u00e1sledovanou p\u0159\u00edpadn\u00fdm telefon\u00e1tem pro potvrzen\u00ed zadan\u00fdch \u00fadaj\u016f. Odpov\u011bzte ve WhatsApp chatu pro potvrzen\u00ed objedn\u00e1vky. \u2764\ufe0f [&hellip;]<\/p>\n","protected":false},"author":1,"featured_media":0,"parent":0,"menu_order":0,"comment_status":"closed","ping_status":"closed","template":"elementor_canvas","meta":{"footnotes":""},"class_list":["post-260","page","type-page","status-publish","hentry"],"_links":{"self":[{"href":"https:\/\/digitalbloke.com\/index.php\/wp-json\/wp\/v2\/pages\/260","targetHints":{"allow":["GET"]}}],"collection":[{"href":"https:\/\/digitalbloke.com\/index.php\/wp-json\/wp\/v2\/pages"}],"about":[{"href":"https:\/\/digitalbloke.com\/index.php\/wp-json\/wp\/v2\/types\/page"}],"author":[{"embeddable":true,"href":"https:\/\/digitalbloke.com\/index.php\/wp-json\/wp\/v2\/users\/1"}],"replies":[{"embeddable":true,"href":"https:\/\/digitalbloke.com\/index.php\/wp-json\/wp\/v2\/comments?post=260"}],"version-history":[{"count":4,"href":"https:\/\/digitalbloke.com\/index.php\/wp-json\/wp\/v2\/pages\/260\/revisions"}],"predecessor-version":[{"id":264,"href":"https:\/\/digitalbloke.com\/index.php\/wp-json\/wp\/v2\/pages\/260\/revisions\/264"}],"wp:attachment":[{"href":"https:\/\/digitalbloke.com\/index.php\/wp-json\/wp\/v2\/media?parent=260"}],"curies":[{"name":"wp","href":"https:\/\/api.w.org\/{rel}","templated":true}]}}